nder when (73/g)/(20/40) is divided by 19?
16
Let z = 8 + -2. Let h(a) = -a. Let b(c) = c**2 + 8*c + 3. Let t(m) = b(m) + 2*h(m). What is the remainder when z is divided by t(-6)?
0
Suppose -n - n = -18. Let h(s) = s**3 - 11*s**2 + 15*s - 8. Let f(m) = -m + 13. Let v be f(3). What is the remainder when h(v) is divided by n?
6
Suppose 48 = -3*q + 3*m, -2*q + q = -5*m. Let s(z) = z**2 + 18*z - 20. What is the remainder when s(q) is divided by 9?
2
Let v be (8/48*3)/((-2)/(-444)). Let z = v + -100. Calculate the remainder when 29 is divided by z.
7
Let g(b) = -b**3 - 8*b**2 + 4*b - 20. Suppose -l + 144 = 5*u, 0*l - 5*l = -2*u + 63. Let w = -15 + u. What is the remainder when g(-9) is divided by w?
11
Let q(b) = 44*b**2 + 5*b + 5. Suppose 46 = 7*w - 45. What is the remainder when q(-1) is divided by w?
5
Suppose 2*x = x + 5. Let n(i) = -1 + 2 + x*i - 3*i + 5*i. Calculate the remainder when 38 is divided by n(1).
6
Let p(y) = 8*y - 1. Let h be p(3). Suppose 0 = -h*d + 16*d + 42. Suppose 0*g - 3*g = t - 8, 5*g - 5*t = 0. Calculate the remainder when d is divided by g.
0
Let z = 59 + -42. Let x = 26 - z. Let m = 102 - 69. Calculate the remainder when m is divided by x.
6
Let x(q) = 2*q - 14. Let u be x(12). Let c = -8 + u. Suppose 5*r + v = c*v + 334, v + 267 = 4*r. What is the remainder when r is divided by 14?
11
Let s(n) = 3*n**3 - 4*n**2 + 14*n + 4. Calculate the remainder when s(3) is divided by 32.
27
Suppose 3*n - 4*n + 24 = 0. Calculate the remainder when 9*(-8)/6 + 59 is divided by n.
23
Suppose 3*u - 5*g - 82 = -3*g, 0 = 5*u - 4*g - 136. Calculate the remainder when u is divided by 2/(8*(-6)/(-192)).
4
What is the remainder when (5 + (-25)/(-1))*590/20 is divided by 148?
145
Let h = -706 - -723. What is the remainder when 135 is divided by h?
16
Let d be 1 + 8/(0 + -2). Let c(t) = -t**3 + 3*t - 1. Calculate the remainder when 49 is divided by c(d).
15
Calculate the remainder when 1993 is divided by (116 - -5 - -10) + 2.
131
Let y(q) = q**2 + 7*q + 10. Let k = -14 + 8. Let v be y(k). Suppose -v*t + 2 + 14 = 0. Calculate the remainder when 13 is divided by t.
1
Suppose -1 - 2 = -w. Suppose -4*s + 64 = -5*h - 9, 3*s = w*h + 51. Calculate the remainder when 229/11 - (-10)/55 is divided by s.
9
Let f be 6/4 + (-81)/(-18). Let m(c) = c**2 - 3*c - 1. What is the remainder when 32 is divided by m(f)?
15
Suppose 4*d = -c + 227, d + 3*c - 177 = -2*d. Calculate the remainder when 160 is divided by d.
48
Suppose -65 = -17*n + 751. What is the remainder when 118 is divided by n?
22
Let i(k) = -2*k**2 - 13*k + 10. Let o be (-357)/49 + 5/(70/4). Calculate the remainder when 13 is divided by i(o).
1
Calculate the remainder when 98 is divided by (6/30 + 1)/(1/20).
2
Let b(j) = -7*j + 2. Let o be b(-1). Let f be (-1 - (3 - o))/1. Suppose 27 = f*z + 2. What is the remainder when 23 is divided by z?
3
Suppose 171 = 7*m + 73. What is the remainder when 307 is divided by m?
13
Let j be (0/((-4)/2))/(26 - 27). Suppose 3*g - 4*p = 101, -5*g + 215 = -j*g + 5*p. Calculate the remainder when g is divided by 6.
3
Let q be (30/(-9))/(1/(-6)). Suppose -2*r = 2*r - q. Let s = 41 + -22. Calculate the remainder when s is divided by r.
4
Suppose 2*i + 2*t = 28, -4*t - 27 = -5*i + 16. Let c(u) be the first derivative of 3*u**2 + 6*u - 2. Calculate the remainder when c(6) is divided by i.
9
Suppose -o = -10 + 6. Suppose 2*s - o = -0. Calculate the remainder when ((-406)/21)/(s/(-3)) is divided by 8.
5
Suppose 2*f = d - 180, 3*d - 61*f = -64*f + 540. Calculate the remainder when d is divided by 13.
11
What is the remainder when 203 is divided by 20*8/40 - (-1 + 0)?
3
Calculate the remainder when ((-86)/(-4))/((-1)/(4 + -6)) is divided by 17.
9
Let t(p) = -p**2 - 21*p + 81. Let k = 30 - 18. Suppose -5*x + 10 + 5 = 0, k = 3*s + x. Calculate the remainder when t(-24) is divided by s.
0
Suppose -126 = -4*l - 102. Calculate the remainder when 56 is divided by l.
2
Calculate the remainder when (-15)/(-6)*408/10 is divided by 15.
12
Suppose -39 = -2*l + 5. Let j = -40 - -50. Suppose -j*z - 344 = -14*z. Calculate the remainder when z is divided by l.
20
Suppose 0 = l - 3 - 5. Calculate the remainder when 43 is divided by l.
3
Let s(a) = -a**3 + 6*a**2 - a + 20. Let h = 3 + -25. Let o = h + 36. Calculate the remainder when s(5) is divided by o.
12
Suppose -3*k + 5*l - 5 = 3, -5*l + 3 = 2*k. Let o(u) = -77*u**3 - u**2 + 1. Let m be o(k). Suppose w - m + 6 = 0. What is the remainder when w is divided by 24?
23
What is the remainder when 82 is divided by (6 + 104/(-12) + 3)*90?
22
Let z = -68 + 77. Suppose -4 + z = t. Calculate the remainder when 16 is divided by t.
1
Suppose -9 = 3*w, -4*s + 217 + 27 = 4*w. What is the remainder when s is divided by 16?
0
Suppose 166 = 11*d - 153. Let v = 57 - d. Calculate the remainder when v is divided by 6.
4
Suppose -3*y + 2*c + 72 = 0, 46*c - 120 = -5*y + 50*c. What is the remainder when 187 is divided by y?
19
Suppose -l + 1 = -3*z - 5, 4*z = 12. Let m = 18 - l. What is the remainder when m is divided by 2?
1
Let s = 174 + -59. Let l = 9686 + -9673. Calculate the remainder when s is divided by l.
11
Suppose -2*i + 31 = 7. Calculate the remainder when 70 is divided by i.
10
Suppose 109 + 59 = 4*c. Let n = 842 - 759. What is the remainder when n is divided by c?
41
Suppose 0 = -5*a + 15, 4*l = 2*a + a + 3. Suppose -25 = -y - 5*j, -4*j = l*y + j - 35. What is the remainder when 8 is divided by y?
3
Let x = 179 + -148. Calculate the remainder when x is divided by 14.
3
What is the remainder when (-4)/(-6) - 8312/(-24) is divided by 29?
28
Calculate the remainder when 544 - (7 + -8 - -7) is divided by 12.
10
What is the remainder when 55 is divided by 13366/1107 - (-2)/(-27)?
7
Let v(l) = l**3 + 15*l**2 + 28*l + 51. Calculate the remainder when 96 is divided by v(-13).
21
Let b = 648 - 362. What is the remainder when b is divided by 36?
34
Let w(k) = -k**3 + k**2 + 2*k + 7. Suppose 13*o - 15*o + 20 = 0. Calculate the remainder when w(-3) is divided by o.
7
Let s = 267 - 238. Calculate the remainder when 72 is divided by s.
14
Let z(x) = -x - 3. Let q be z(-3). Let w = 4 - q. Let k = -136 - -139. What is the remainder when w is divided by k?
1
Suppose -i + 21*i = 10200. Calculate the remainder when i is divided by 135.
105
Let n(j) = -13*j + 4. Let r(c) = c**2 + 7*c + 2. Let q be r(-6). What is the remainder when n(q) is divided by (-18)/10*2*210/(-63)?
8
Suppose -5*a = 4*z - 23, 5*z = -a - 0*a + 13. Suppose z*i = 6*i - 60. Let c = i - 11. What is the remainder when c is divided by 2?
0
Let t = 33 - -4. What is the remainder when t is divided by (39/(-6))/((-2)/4)?
11
Suppose -3*t + 4*h = -39 - 22, -5*t - 5*h = -55. Suppose -o + t = 4*o. Calculate the remainder when o is divided by 0 + 15 + (-96)/8.
0
Suppose -21*q + 2320 = -5*q. What is the remainder when q is divided by 21?
19
Let d = 8 - 1. Suppose -2*l - 3*z = -97, -3*z = -5*l - 7*z + 239. Let g = l + -20. What is the remainder when g is divided by d?
6
Calculate the remainder when 89 is divided by 4/5*(45 - 40).
1
Let z(f) = -2*f - 9. What is the remainder when 177 is divided by z(-14)?
6
Let s = 98 - 49. Calculate the remainder when 195 is divided by s.
48
Let a = 44 + -68. Let g = 43 + a. What is the remainder when 31 is divided by g?
12
Suppose -6*z - 30 = -198. Calculate the remainder when 97 is divided by z.
13
Let w = 6 + 5. Calculate the remainder when ((-25)/(-42) - (-480)/(-5040))*30/1 is divided by w.
4
Let f = 5 - 0. Suppose -2*q - 58 = z + 90, -2*z = -f*q + 314. What is the remainder when 23 is divided by z/(-12) + (-4)/6?
11
Let a = 577 - 544. Suppose -3*z + 0*z + 387 = 0. Calculate the remainder when z is divided by a.
30
Suppose 18 = 3*n + y, n + 33*y + 2 = 30*y. Calculate the remainder when 27 is divided by n.
6
Let k(y) = 2*y**2 - 21*y - 7. Let s be k(11). Suppose s*x - 1 = 3*q, 15 = 3*q - 0. What is the remainder when 13 is divided by x?
1
Let w(m) = 8*m - 1. Let n be w(2). Let u = -15 + n. What is the remainder when 24 is divided by (-2 - 11)*(-1 - u)?
11
Suppose 2*h - 19*r + 22*r - 43 = 0, -4*h - 5*r + 81 = 0. What is the remainder when 389 is divided by h?
11
Suppose -9*k + 2*w = -12*k + 23, -5*w = -3*k + 16. What is the remainder when 74 is divided by k?
4
Let t = 17 + 7. 